45. List the prime factors of b(4).
3, 43, 97
List the prime factors of (-4)/6 + 52/117 + (-1094951)/(-171).
19, 337
Let j = 9081 + 2994. What are the prime factors of j?
3, 5, 7, 23
Let i be (-13)/(26/(-882)) + -7. Let n(o) = -73*o - 5. Let q be n(4). Let v = i + q. List the prime factors of v.
137
Let s(g) = -3*g - 102. Let k be s(-10). List the prime factors of 2 - (-1)/((-2)/k).
2, 19
Let g = 17065 - 11893. What are the prime factors of g?
2, 3, 431
Let p(u) = -u**3 - 10*u**2 - u + 43. Suppose 2*l + t = -23, -4*l + l - 62 = -4*t. List the prime factors of p(l).
29
Suppose 26*c = 147 + 35. List the prime factors of (9/6)/(c*3/9954).
3, 79
What are the prime factors of 5/((-50)/(-16))*(-645440)/(-256)?
2, 2017
Suppose -3*n = -12, 46*r - 45*r - 3326 = -5*n. List the prime factors of r.
2, 3, 19, 29
Suppose 10*i + 2*i - 4673 = 11*i. List the prime factors of i.
4673
Suppose 5*z + 14330 = l, -4*l - 209*z = -214*z - 57440. List the prime factors of l.
2, 3, 5, 479
Let n(d) = d**3 - 10*d**2 - 25*d - 11. Let a be ((-3)/6)/(-1)*13*2. What are the prime factors of n(a)?
3, 19
Let n = 33287 - -10229. List the prime factors of n.
2, 11, 23, 43
Suppose -4*s - 2*s = -s. Suppose n + 8 - 12 = s. Let i(b) = 2*b**3 - 4*b**2 - 3*b - 2. What are the prime factors of i(n)?
2, 5
What are the prime factors of (68814/(-12))/((-30)/200*5)?
2, 3823
Let q(u) = -33*u + 820. List the prime factors of q(0).
2, 5, 41
Let a = 208 + -203. Suppose n - 520 = -g, -1126 = 5*g - a*n - 3736. What are the prime factors of g?
521
Suppose 61*g - 58*g = 5*u + 52391, 69850 = 4*g - 2*u. What are the prime factors of g?
2, 8731
Suppose 92 = 3*v + 10*z - 6*z, -5*v = 4*z - 156. Let r = v + 280. What are the prime factors of r?
2, 3, 13
Let a be (6/(-4))/(24/(-320)). Suppose 0 = -b - b + 4*f + 12, 4*b = 4*f + a. Suppose b*c - 52 = 220. What are the prime factors of c?
2, 17
Suppose 3*s + 5*h - 1933 = 0, 19*s - 2*h = 20*s - 644. Let d = s - 272. What are the prime factors of d?
2, 11, 17
Let u = 653 + 62. Let t be (u/(-10) + 1)*(-2)/3. Let z = 61 - t. List the prime factors of z.
2, 7
Let c(x) = 3*x**3 - 2*x**2 + 8*x - 22. Let u be c(6). Suppose -5*j - 2*j = -u. Suppose -3*y = -8*y + 10, 3*r - j = -y. List the prime factors of r.
2, 7
Let k(p) = 49*p**3 - 67*p**2 - 27*p + 157. List the prime factors of k(9).
2, 59
Let a(b) = b**3 - 2*b**2 - b + 7. Let i be a(0). Suppose -i = -m - 4. Suppose 2*q = -2*v + 62, -m*q + v + 105 = -0*v. List the prime factors of q.
2, 17
Let i(k) = -k**3 + 4*k**2 + 8*k - 7. Let w be i(3). Suppose 0 = -w*t + 21*t - 200. Let p = t + 136. List the prime factors of p.
2, 3
Let p = 12413 + -8193. What are the prime factors of p?
2, 5, 211
Suppose -s - 2*f - 12 = 14, -3*s + 5*f - 23 = 0. Let j(l) = -2*l**2 - 37*l - 6. Let z be j(s). Suppose -6*v - z + 872 = 0. What are the prime factors of v?
7, 19
Let j(w) = -2*w**2 - 188*w - 432. What are the prime factors of j(-79)?
2, 3, 17, 19
Let r = 92853 + -10436. List the prime factors of r.
73, 1129
Let o be (-6)/(-45) + (-1016)/(-30) + -4. List the prime factors of 609/2 + 15/o.
5, 61
Let l(n) = -5*n - 9. Suppose 4*q - q = -5*y + 4, 2*q + 3*y = 3. Let j be l(q). Let m(a) = -a**2 - 31*a - 3. List the prime factors of m(j).
3, 5, 11
Suppose 11 = 10*g - 9. Let t(a) = -12*a + 27. Let v be t(g). Suppose w + 5*y = 117 + 155, v*y - 1382 = -5*w. List the prime factors of w.
277
Let l = 1124 + 3636. Suppose 260*t - l = 256*t. List the prime factors of t.
2, 5, 7, 17
Let n = 24726 + -15708. List the prime factors of n.
2, 3, 167
Suppose 5*r + 4*x = -x + 4585, 4*r - 5*x - 3713 = 0. Suppose -16*n + r = -278. What are the prime factors of n?
3, 5
Suppose 64*j - 1482048 = -29*j. What are the prime factors of j?
2, 3, 83
Suppose -5*w - 15257 = 15223. What are the prime factors of (-20)/70 - (-2 + w/21)?
2, 73
Let d(z) = -30*z**2 + z. Let w(v) = -30*v**2 + v. Let r(x) = 3*d(x) - 2*w(x). Let b be r(-1). Let i = b + 82. What are the prime factors of i?
3, 17
Let s(i) = 209*i**3 + 1. Let y be s(-1). Let c = y - -313. What are the prime factors of c?
3, 5, 7
Let j = -11573 + 17810. Suppose -22*p = -j - 7359. What are the prime factors of p?
2, 3, 103
Let i(g) = 75*g + 73. Let a be 1 + 2 + 2 + 0. List the prime factors of i(a).
2, 7
Let g = -722 - -1021. Let a be (596/12)/((-2)/6). Let q = a + g. List the prime factors of q.
2, 3, 5
Let i = -6416 - -20561. What are the prime factors of i?
3, 5, 23, 41
What are the prime factors of -4 - (-4691 + 2) - (-45)/(-15)?
2, 2341
Let f(v) = -v**3 - 3*v**2 + 11*v + 33. Let b be -4 + 0 + -6 + 5. What are the prime factors of f(b)?
2, 7
Suppose -q = 16*h - 14*h - 1497, -2*h - 7557 = -5*q. List the prime factors of q.
3, 503
Let r(z) = 4*z - 80. Let h be r(20). Suppose -n + g + 328 = h, -n + 1298 = 3*n + 3*g. What are the prime factors of n?
2, 163
List the prime factors of 29793344/864 - (-8)/(-216).
34483
Let h(i) = -58*i + 2. Let t be h(-3). Let d = -5 + t. Suppose d = 5*c - 124. What are the prime factors of c?
59
Suppose 4*l = 10*l + 6. What are the prime factors of 27 - 25 - 18*2/l?
2, 19
Suppose -51*s = -7*s - 254718 - 376726. What are the prime factors of s?
113, 127
Let b be (3/6 + 3)/((-1)/42). Let y = -27 - b. Suppose -4*f + 37 = -n + y, 4*f + 16 = 0. List the prime factors of n.
67
Let o = 1898 + -1089. Let m = 1255 - o. List the prime factors of m.
2, 223
Let s be -2*((-138)/12 - (-2)/4). Let l = s + -23. What are the prime factors of 4890/70 + l/(-7)?
2, 5, 7
Suppose 585131 = 174*z + 33275 - 1232514. What are the prime factors of z?
5, 7, 293
List the prime factors of (1 - 22)/((-283)/256115).
3, 5, 7, 181
Let z = 26 - 34. Let b be 51/12 + (2/z - 0). Suppose y = 2*a - 3*y - 362, 0 = 2*a + b*y - 338. What are the prime factors of a?
5, 7
Suppose 113 = -g - 3*k, -g - 143 = -0*g - 3*k. Let x = g - -123. What are the prime factors of ((-9580)/(-35) - x) + (-2)/(-7)?
3, 31
Let q be 4/14 - 123804/(-42). Suppose -q = 21*l - 25*l. Suppose -112 = 5*m - l. What are the prime factors of m?
5
Let u(v) = 93*v**2 - 405*v + 35. List the prime factors of u(18).
22877
Let w(b) = b**2 + 37*b + 39. Let f be w(-27). Let y = f - -411. Suppose 8*z = -2*z + y. What are the prime factors of z?
2, 3
Suppose -6*g = 2*h - 5*g - 16147, 5*g + 8068 = h. List the prime factors of h.
3, 13, 23
Suppose 131*u - 5457226 = -79*u + 43*u. What are the prime factors of u?
2, 16339
What are the prime factors of (16/160 - (-421159)/10) + (-4)/2?
2, 3, 7019
Suppose 66*n - 4 = 64*n. Suppose -n*p + 160 = 5*a, a - 2*p + 40 = 2*a. List the prime factors of (-1564)/(-10) - (-18)/a.
157
Let j = 0 + 3. Suppose -313*h = -308*h - 305. Suppose 4*p - j*p = h. List the prime factors of p.
61
Suppose 721*m - 734*m = -168467. What are the prime factors of m?
12959
Suppose -4*u + 37 = 5*g, 5*g = 9 + 16. Let s(x) = -59*x + 15. Let t be s(u). Let i = -78 - t. What are the prime factors of i?
2, 3, 7
Let b(d) = 26*d**2 - 34*d + 299. What are the prime factors of b(25)?
3, 5233
Suppose -10*c + 37424 = -36422 - 6924. What are the prime factors of c?
41, 197
Let s = -49 + 52. Suppose 0 = -s*o - 15, 4*c - 1688 = 4*o - 0*o. What are the prime factors of c?
3, 139
Suppose -4*p = 74*k - 71*k - 12474, 4158 = k - p. List the prime factors of k.
2, 3, 7, 11
What are the prime factors of (6/(-9) - (-98)/(-42))*-2510?
2, 3, 5, 251
Let b be (9 - 10) + -2 + 7. Suppose -29 = -4*p - 9, 2*y = b*p + 328. List the prime factors of y.
2, 3, 29
Suppose -108 = -13*t + 4*t. Suppose 0 = -t*f + 6*f + 1518. What are the prime factors of f?
11, 23
Suppose 10*c - 28 = -4*c. Suppose 0 = -5*q + u + 2060, -824 = -c*q - 2*u - 2*u. What are the prime factors of q?
2, 103
Let t(i) = 2*i - 4. Let x be t(2). Suppose -5*y + 5874 - 2154 = x. What are the prime factors of y?
2, 3, 31
Let d(r) be the second derivative of r**5/20 - 5*r**4/2 - 23*r**3/3 + 38*r**2 + 8*r - 4. List the prime factors of d(32).
2, 163
Let v be (-1)/(218/168 - 52/39). Suppose v = -21*i + 28*i. Suppose d + 4*t = 94 + 19, i*d - 478 = -3*t. What are the prime factors of d?
11
Let z(c) = c**3 + 14*c**2 - 3*c - 33. Let j be z(-14). Suppose -j*q + 849 = -24. Let w = q + -28. What are the prime factors of w?
3, 23
Let a be 0 + -2 - 27*-5. Let q(x) = -3*x - 33. Let o be q(-21). Let j = a - o. List the prime factors of j